{"id":27713,"date":"2017-02-08T13:36:50","date_gmt":"2017-02-08T11:36:50","guid":{"rendered":"https:\/\/www.proman.at\/products\/proman-editions-cloud-solution-flexible-protocol-management-for-your-projects\/"},"modified":"2017-02-08T13:36:50","modified_gmt":"2017-02-08T11:36:50","slug":"proman-editions-cloud-solution-flexible-protocol-management-for-your-projects","status":"publish","type":"page","link":"https:\/\/www.proman.at\/cs\/products\/proman-editions-cloud-solution-flexible-protocol-management-for-your-projects\/","title":{"rendered":"Edice PROMAN a cloudov\u00e9 \u0159e\u0161en\u00ed \u2013 maxim\u00e1ln\u00ed flexibilita pro \u0159\u00edzen\u00ed va\u0161ich projekt\u016f"},"content":{"rendered":"<p>S <strong data-start=\"1917\" data-end=\"1946\">r\u016fzn\u00fdmi edicemi PROMAN<\/strong> a na\u0161\u00edm <strong data-start=\"1955\" data-end=\"1982\">v\u00fdkonn\u00fdm cloudov\u00fdm \u0159e\u0161en\u00edm<\/strong> m\u00e1te plnou flexibilitu pro <strong data-start=\"2019\" data-end=\"2054\">\u0159\u00edzen\u00ed protokol\u016f a projekt\u016f<\/strong>. Pracujte <strong data-start=\"2061\" data-end=\"2103\">bezpe\u010dn\u011b a efektivn\u011b odkudkoli<\/strong> \u2013 a\u0165 u\u017e v kancel\u00e1\u0159i, na m\u00edst\u011b, nebo z domova. Cloudov\u00fd software umo\u017e\u0148uje <strong data-start=\"2179\" data-end=\"2254\">automatickou synchronizaci, bezpe\u010dn\u00fd p\u0159\u00edstup k dat\u016fm a bezprobl\u00e9movou integraci<\/strong> do va\u0161ich pracovn\u00edch postup\u016f. Vyberte si <strong data-start=\"2287\" data-end=\"2304\">spr\u00e1vnou edici<\/strong> a za\u017eijte <strong data-start=\"2320\" data-end=\"2381\">efektivn\u00ed dokumentaci jedn\u00e1n\u00ed a chytrou spr\u00e1vu \u00fakol\u016f<\/strong><\/p>\n","protected":false},"excerpt":{"rendered":"<p>S r\u016fzn\u00fdmi edicemi PROMAN a na\u0161\u00edm v\u00fdkonn\u00fdm cloudov\u00fdm \u0159e\u0161en\u00edm m\u00e1te plnou flexibilitu pro \u0159\u00edzen\u00ed protokol\u016f a projekt\u016f. Pracujte bezpe\u010dn\u011b a efektivn\u011b odkudkoli \u2013 a\u0165 u\u017e v kancel\u00e1\u0159i, na m\u00edst\u011b, nebo z domova. Cloudov\u00fd software umo\u017e\u0148uje automatickou synchronizaci, bezpe\u010dn\u00fd p\u0159\u00edstup k dat\u016fm a bezprobl\u00e9movou integraci do va\u0161ich pracovn\u00edch postup\u016f. Vyberte si spr\u00e1vnou edici a za\u017eijte efektivn\u00ed<\/p>\n","protected":false},"author":1,"featured_media":0,"parent":27593,"menu_order":0,"comment_status":"closed","ping_status":"closed","template":"","meta":{"_acf_changed":false,"footnotes":""},"class_list":["post-27713","page","type-page","status-publish","hentry"],"acf":[],"yoast_head":"<!-- This site is optimized with the Yoast SEO Premium plugin v28.3 (Yoast SEO v28.3) - https:\/\/yoast.com\/product\/yoast-seo-premium-wordpress\/ -->\n<title>Edice PROMAN a cloudov\u00e9 \u0159e\u0161en\u00ed \u2013 maxim\u00e1ln\u00ed flexibilita pro \u0159\u00edzen\u00ed va\u0161ich projekt\u016f - PROMAN Software GmbH - Software f\u00fcr Projektmanagement<\/title>\n<meta name=\"description\" content=\"Vyberte si spr\u00e1vnou edici PROMAN pro va\u0161i firmu. Vyu\u017eijte na\u0161e flexibiln\u00ed cloudov\u00e9 \u0159e\u0161en\u00ed pro bezpe\u010dnou, na m\u00edst\u011b nez\u00e1vislou a efektivn\u00ed spr\u00e1vu protokol\u016f.\" \/>\n<meta name=\"robots\" content=\"index, follow, max-snippet:-1, max-image-preview:large, max-video-preview:-1\" \/>\n<link rel=\"canonical\" href=\"https:\/\/www.proman.at\/cs\/products\/proman-editions-cloud-solution-flexible-protocol-management-for-your-projects\/\" \/>\n<meta property=\"og:locale\" content=\"cs_CZ\" \/>\n<meta property=\"og:type\" content=\"article\" \/>\n<meta property=\"og:title\" content=\"Edice PROMAN a cloudov\u00e9 \u0159e\u0161en\u00ed \u2013 maxim\u00e1ln\u00ed flexibilita pro \u0159\u00edzen\u00ed va\u0161ich projekt\u016f\" \/>\n<meta property=\"og:description\" content=\"Vyberte si spr\u00e1vnou edici PROMAN pro va\u0161i firmu. Vyu\u017eijte na\u0161e flexibiln\u00ed cloudov\u00e9 \u0159e\u0161en\u00ed pro bezpe\u010dnou, na m\u00edst\u011b nez\u00e1vislou a efektivn\u00ed spr\u00e1vu protokol\u016f.\" \/>\n<meta property=\"og:url\" content=\"https:\/\/www.proman.at\/cs\/products\/proman-editions-cloud-solution-flexible-protocol-management-for-your-projects\/\" \/>\n<meta property=\"og:site_name\" content=\"PROMAN Software GmbH - Software f\u00fcr Projektmanagement\" \/>\n<meta name=\"twitter:card\" content=\"summary_large_image\" \/>\n<script type=\"application\/ld+json\" class=\"yoast-schema-graph\">{\"@context\":\"https:\\\/\\\/schema.org\",\"@graph\":[{\"@type\":\"WebPage\",\"@id\":\"https:\\\/\\\/www.proman.at\\\/cs\\\/products\\\/proman-editions-cloud-solution-flexible-protocol-management-for-your-projects\\\/\",\"url\":\"https:\\\/\\\/www.proman.at\\\/cs\\\/products\\\/proman-editions-cloud-solution-flexible-protocol-management-for-your-projects\\\/\",\"name\":\"Edice PROMAN a cloudov\u00e9 \u0159e\u0161en\u00ed \u2013 maxim\u00e1ln\u00ed flexibilita pro \u0159\u00edzen\u00ed va\u0161ich projekt\u016f - PROMAN Software GmbH - Software f\u00fcr Projektmanagement\",\"isPartOf\":{\"@id\":\"https:\\\/\\\/www.proman.at\\\/cs\\\/#website\"},\"datePublished\":\"2017-02-08T11:36:50+00:00\",\"description\":\"Vyberte si spr\u00e1vnou edici PROMAN pro va\u0161i firmu. Vyu\u017eijte na\u0161e flexibiln\u00ed cloudov\u00e9 \u0159e\u0161en\u00ed pro bezpe\u010dnou, na m\u00edst\u011b nez\u00e1vislou a efektivn\u00ed spr\u00e1vu protokol\u016f.\",\"breadcrumb\":{\"@id\":\"https:\\\/\\\/www.proman.at\\\/cs\\\/products\\\/proman-editions-cloud-solution-flexible-protocol-management-for-your-projects\\\/#breadcrumb\"},\"inLanguage\":\"cs\",\"potentialAction\":[{\"@type\":\"ReadAction\",\"target\":[\"https:\\\/\\\/www.proman.at\\\/cs\\\/products\\\/proman-editions-cloud-solution-flexible-protocol-management-for-your-projects\\\/\"]}]},{\"@type\":\"BreadcrumbList\",\"@id\":\"https:\\\/\\\/www.proman.at\\\/cs\\\/products\\\/proman-editions-cloud-solution-flexible-protocol-management-for-your-projects\\\/#breadcrumb\",\"itemListElement\":[{\"@type\":\"ListItem\",\"position\":1,\"name\":\"Home\",\"item\":\"https:\\\/\\\/www.proman.at\\\/cs\\\/\"},{\"@type\":\"ListItem\",\"position\":2,\"name\":\"Produkty\",\"item\":\"https:\\\/\\\/www.proman.at\\\/cs\\\/products\\\/\"},{\"@type\":\"ListItem\",\"position\":3,\"name\":\"Edice PROMAN a cloudov\u00e9 \u0159e\u0161en\u00ed \u2013 maxim\u00e1ln\u00ed flexibilita pro \u0159\u00edzen\u00ed va\u0161ich projekt\u016f\"}]},{\"@type\":\"WebSite\",\"@id\":\"https:\\\/\\\/www.proman.at\\\/cs\\\/#website\",\"url\":\"https:\\\/\\\/www.proman.at\\\/cs\\\/\",\"name\":\"PROMAN Software GmbH - Software f\u00fcr Projektmanagement\",\"description\":\"\",\"publisher\":{\"@id\":\"https:\\\/\\\/www.proman.at\\\/cs\\\/#organization\"},\"potentialAction\":[{\"@type\":\"SearchAction\",\"target\":{\"@type\":\"EntryPoint\",\"urlTemplate\":\"https:\\\/\\\/www.proman.at\\\/cs\\\/?s={search_term_string}\"},\"query-input\":{\"@type\":\"PropertyValueSpecification\",\"valueRequired\":true,\"valueName\":\"search_term_string\"}}],\"inLanguage\":\"cs\"},{\"@type\":\"Organization\",\"@id\":\"https:\\\/\\\/www.proman.at\\\/cs\\\/#organization\",\"name\":\"PROMAN Software GmbH - Software f\u00fcr Projektmanagement\",\"url\":\"https:\\\/\\\/www.proman.at\\\/cs\\\/\",\"logo\":{\"@type\":\"ImageObject\",\"inLanguage\":\"cs\",\"@id\":\"https:\\\/\\\/www.proman.at\\\/cs\\\/#\\\/schema\\\/logo\\\/image\\\/\",\"url\":\"https:\\\/\\\/www.proman.at\\\/wp-content\\\/uploads\\\/2023\\\/02\\\/logo.png\",\"contentUrl\":\"https:\\\/\\\/www.proman.at\\\/wp-content\\\/uploads\\\/2023\\\/02\\\/logo.png\",\"width\":245,\"height\":226,\"caption\":\"PROMAN Software GmbH - Software f\u00fcr Projektmanagement\"},\"image\":{\"@id\":\"https:\\\/\\\/www.proman.at\\\/cs\\\/#\\\/schema\\\/logo\\\/image\\\/\"}}]}<\/script>\n<!-- \/ Yoast SEO Premium plugin. -->","yoast_head_json":{"title":"Edice PROMAN a cloudov\u00e9 \u0159e\u0161en\u00ed \u2013 maxim\u00e1ln\u00ed flexibilita pro \u0159\u00edzen\u00ed va\u0161ich projekt\u016f - PROMAN Software GmbH - Software f\u00fcr Projektmanagement","description":"Vyberte si spr\u00e1vnou edici PROMAN pro va\u0161i firmu. Vyu\u017eijte na\u0161e flexibiln\u00ed cloudov\u00e9 \u0159e\u0161en\u00ed pro bezpe\u010dnou, na m\u00edst\u011b nez\u00e1vislou a efektivn\u00ed spr\u00e1vu protokol\u016f.","robots":{"index":"index","follow":"follow","max-snippet":"max-snippet:-1","max-image-preview":"max-image-preview:large","max-video-preview":"max-video-preview:-1"},"canonical":"https:\/\/www.proman.at\/cs\/products\/proman-editions-cloud-solution-flexible-protocol-management-for-your-projects\/","og_locale":"cs_CZ","og_type":"article","og_title":"Edice PROMAN a cloudov\u00e9 \u0159e\u0161en\u00ed \u2013 maxim\u00e1ln\u00ed flexibilita pro \u0159\u00edzen\u00ed va\u0161ich projekt\u016f","og_description":"Vyberte si spr\u00e1vnou edici PROMAN pro va\u0161i firmu. Vyu\u017eijte na\u0161e flexibiln\u00ed cloudov\u00e9 \u0159e\u0161en\u00ed pro bezpe\u010dnou, na m\u00edst\u011b nez\u00e1vislou a efektivn\u00ed spr\u00e1vu protokol\u016f.","og_url":"https:\/\/www.proman.at\/cs\/products\/proman-editions-cloud-solution-flexible-protocol-management-for-your-projects\/","og_site_name":"PROMAN Software GmbH - Software f\u00fcr Projektmanagement","twitter_card":"summary_large_image","schema":{"@context":"https:\/\/schema.org","@graph":[{"@type":"WebPage","@id":"https:\/\/www.proman.at\/cs\/products\/proman-editions-cloud-solution-flexible-protocol-management-for-your-projects\/","url":"https:\/\/www.proman.at\/cs\/products\/proman-editions-cloud-solution-flexible-protocol-management-for-your-projects\/","name":"Edice PROMAN a cloudov\u00e9 \u0159e\u0161en\u00ed \u2013 maxim\u00e1ln\u00ed flexibilita pro \u0159\u00edzen\u00ed va\u0161ich projekt\u016f - PROMAN Software GmbH - Software f\u00fcr Projektmanagement","isPartOf":{"@id":"https:\/\/www.proman.at\/cs\/#website"},"datePublished":"2017-02-08T11:36:50+00:00","description":"Vyberte si spr\u00e1vnou edici PROMAN pro va\u0161i firmu. Vyu\u017eijte na\u0161e flexibiln\u00ed cloudov\u00e9 \u0159e\u0161en\u00ed pro bezpe\u010dnou, na m\u00edst\u011b nez\u00e1vislou a efektivn\u00ed spr\u00e1vu protokol\u016f.","breadcrumb":{"@id":"https:\/\/www.proman.at\/cs\/products\/proman-editions-cloud-solution-flexible-protocol-management-for-your-projects\/#breadcrumb"},"inLanguage":"cs","potentialAction":[{"@type":"ReadAction","target":["https:\/\/www.proman.at\/cs\/products\/proman-editions-cloud-solution-flexible-protocol-management-for-your-projects\/"]}]},{"@type":"BreadcrumbList","@id":"https:\/\/www.proman.at\/cs\/products\/proman-editions-cloud-solution-flexible-protocol-management-for-your-projects\/#breadcrumb","itemListElement":[{"@type":"ListItem","position":1,"name":"Home","item":"https:\/\/www.proman.at\/cs\/"},{"@type":"ListItem","position":2,"name":"Produkty","item":"https:\/\/www.proman.at\/cs\/products\/"},{"@type":"ListItem","position":3,"name":"Edice PROMAN a cloudov\u00e9 \u0159e\u0161en\u00ed \u2013 maxim\u00e1ln\u00ed flexibilita pro \u0159\u00edzen\u00ed va\u0161ich projekt\u016f"}]},{"@type":"WebSite","@id":"https:\/\/www.proman.at\/cs\/#website","url":"https:\/\/www.proman.at\/cs\/","name":"PROMAN Software GmbH - Software f\u00fcr Projektmanagement","description":"","publisher":{"@id":"https:\/\/www.proman.at\/cs\/#organization"},"potentialAction":[{"@type":"SearchAction","target":{"@type":"EntryPoint","urlTemplate":"https:\/\/www.proman.at\/cs\/?s={search_term_string}"},"query-input":{"@type":"PropertyValueSpecification","valueRequired":true,"valueName":"search_term_string"}}],"inLanguage":"cs"},{"@type":"Organization","@id":"https:\/\/www.proman.at\/cs\/#organization","name":"PROMAN Software GmbH - Software f\u00fcr Projektmanagement","url":"https:\/\/www.proman.at\/cs\/","logo":{"@type":"ImageObject","inLanguage":"cs","@id":"https:\/\/www.proman.at\/cs\/#\/schema\/logo\/image\/","url":"https:\/\/www.proman.at\/wp-content\/uploads\/2023\/02\/logo.png","contentUrl":"https:\/\/www.proman.at\/wp-content\/uploads\/2023\/02\/logo.png","width":245,"height":226,"caption":"PROMAN Software GmbH - Software f\u00fcr Projektmanagement"},"image":{"@id":"https:\/\/www.proman.at\/cs\/#\/schema\/logo\/image\/"}}]}},"_links":{"self":[{"href":"https:\/\/www.proman.at\/cs\/wp-json\/wp\/v2\/pages\/27713","targetHints":{"allow":["GET"]}}],"collection":[{"href":"https:\/\/www.proman.at\/cs\/wp-json\/wp\/v2\/pages"}],"about":[{"href":"https:\/\/www.proman.at\/cs\/wp-json\/wp\/v2\/types\/page"}],"author":[{"embeddable":true,"href":"https:\/\/www.proman.at\/cs\/wp-json\/wp\/v2\/users\/1"}],"replies":[{"embeddable":true,"href":"https:\/\/www.proman.at\/cs\/wp-json\/wp\/v2\/comments?post=27713"}],"version-history":[{"count":0,"href":"https:\/\/www.proman.at\/cs\/wp-json\/wp\/v2\/pages\/27713\/revisions"}],"up":[{"embeddable":true,"href":"https:\/\/www.proman.at\/cs\/wp-json\/wp\/v2\/pages\/27593"}],"wp:attachment":[{"href":"https:\/\/www.proman.at\/cs\/wp-json\/wp\/v2\/media?parent=27713"}],"curies":[{"name":"wp","href":"https:\/\/api.w.org\/{rel}","templated":true}]}}

Edice PROMAN a cloudové řešení – maximální flexibilita pro řízení vašich projektů

<p>S <strong data-start="1917" data-end="1946">různými edicemi PROMAN</strong> a naším <strong data-start="1955" data-end="1982">výkonným cloudovým řešením</strong> máte plnou flexibilitu pro <strong data-start="2019" data-end="2054">řízení protokolů a projektů</strong>. Pracujte <strong data-start="2061" data-end="2103">bezpečně a efektivně odkudkoli</strong> – ať už v kanceláři, na místě, nebo z domova. Cloudový software umožňuje <strong data-start="2179" data-end="2254">automatickou synchronizaci, bezpečný přístup k datům a bezproblémovou integraci</strong> do vašich pracovních postupů. Vyberte si <strong data-start="2287" data-end="2304">správnou edici</strong> a zažijte <strong data-start="2320" data-end="2381">efektivní dokumentaci jednání a chytrou správu úkolů</strong></p>

<p>S různými edicemi PROMAN a naším výkonným cloudovým řešením máte plnou flexibilitu pro řízení protokolů a projektů. Pracujte bezpečně a efektivně odkudkoli – ať už v kanceláři, na místě, nebo z domova. Cloudový software umožňuje automatickou synchronizaci, bezpečný přístup k datům a bezproblémovou integraci do vašich pracovních postupů. Vyberte si správnou edici a zažijte efektivní</p>

<!-- This site is optimized with the Yoast SEO Premium plugin v28.3 (Yoast SEO v28.3) - https://yoast.com/product/yoast-seo-premium-wordpress/ -->
<title>Edice PROMAN a cloudové řešení – maximální flexibilita pro řízení vašich projektů - PROMAN Software GmbH - Software für Projektmanagement</title>
<meta name="description" content="Vyberte si správnou edici PROMAN pro vaši firmu. Využijte naše flexibilní cloudové řešení pro bezpečnou, na místě nezávislou a efektivní správu protokolů." />
<meta name="robots" content="index, follow, max-snippet:-1, max-image-preview:large, max-video-preview:-1" />
<link rel="canonical" href="https://www.proman.at/cs/products/proman-editions-cloud-solution-flexible-protocol-management-for-your-projects/" />
<meta property="og:locale" content="cs_CZ" />
<meta property="og:type" content="article" />
<meta property="og:title" content="Edice PROMAN a cloudové řešení – maximální flexibilita pro řízení vašich projektů" />
<meta property="og:description" content="Vyberte si správnou edici PROMAN pro vaši firmu. Využijte naše flexibilní cloudové řešení pro bezpečnou, na místě nezávislou a efektivní správu protokolů." />
<meta property="og:url" content="https://www.proman.at/cs/products/proman-editions-cloud-solution-flexible-protocol-management-for-your-projects/" />
<meta property="og:site_name" content="PROMAN Software GmbH - Software für Projektmanagement" />
<meta name="twitter:card" content="summary_large_image" />
<script type="application/ld+json" class="yoast-schema-graph">{"@context":"https:\/\/schema.org","@graph":[{"@type":"WebPage","@id":"https:\/\/www.proman.at\/cs\/products\/proman-editions-cloud-solution-flexible-protocol-management-for-your-projects\/","url":"https:\/\/www.proman.at\/cs\/products\/proman-editions-cloud-solution-flexible-protocol-management-for-your-projects\/","name":"Edice PROMAN a cloudové řešení – maximální flexibilita pro řízení vašich projektů - PROMAN Software GmbH - Software für Projektmanagement","isPartOf":{"@id":"https:\/\/www.proman.at\/cs\/#website"},"datePublished":"2017-02-08T11:36:50+00:00","description":"Vyberte si správnou edici PROMAN pro vaši firmu. Využijte naše flexibilní cloudové řešení pro bezpečnou, na místě nezávislou a efektivní správu protokolů.","breadcrumb":{"@id":"https:\/\/www.proman.at\/cs\/products\/proman-editions-cloud-solution-flexible-protocol-management-for-your-projects\/#breadcrumb"},"inLanguage":"cs","potentialAction":[{"@type":"ReadAction","target":["https:\/\/www.proman.at\/cs\/products\/proman-editions-cloud-solution-flexible-protocol-management-for-your-projects\/"]}]},{"@type":"BreadcrumbList","@id":"https:\/\/www.proman.at\/cs\/products\/proman-editions-cloud-solution-flexible-protocol-management-for-your-projects\/#breadcrumb","itemListElement":[{"@type":"ListItem","position":1,"name":"Home","item":"https:\/\/www.proman.at\/cs\/"},{"@type":"ListItem","position":2,"name":"Produkty","item":"https:\/\/www.proman.at\/cs\/products\/"},{"@type":"ListItem","position":3,"name":"Edice PROMAN a cloudové řešení – maximální flexibilita pro řízení vašich projektů"}]},{"@type":"WebSite","@id":"https:\/\/www.proman.at\/cs\/#website","url":"https:\/\/www.proman.at\/cs\/","name":"PROMAN Software GmbH - Software für Projektmanagement","description":"","publisher":{"@id":"https:\/\/www.proman.at\/cs\/#organization"},"potentialAction":[{"@type":"SearchAction","target":{"@type":"EntryPoint","urlTemplate":"https:\/\/www.proman.at\/cs\/?s={search_term_string}"},"query-input":{"@type":"PropertyValueSpecification","valueRequired":true,"valueName":"search_term_string"}}],"inLanguage":"cs"},{"@type":"Organization","@id":"https:\/\/www.proman.at\/cs\/#organization","name":"PROMAN Software GmbH - Software für Projektmanagement","url":"https:\/\/www.proman.at\/cs\/","logo":{"@type":"ImageObject","inLanguage":"cs","@id":"https:\/\/www.proman.at\/cs\/#\/schema\/logo\/image\/","url":"https:\/\/www.proman.at\/wp-content\/uploads\/2023\/02\/logo.png","contentUrl":"https:\/\/www.proman.at\/wp-content\/uploads\/2023\/02\/logo.png","width":245,"height":226,"caption":"PROMAN Software GmbH - Software für Projektmanagement"},"image":{"@id":"https:\/\/www.proman.at\/cs\/#\/schema\/logo\/image\/"}}]}</script>
<!-- / Yoast SEO Premium plugin. -->

Edice PROMAN a cloudové řešení – maximální flexibilita pro řízení vašich projektů - PROMAN Software GmbH - Software für Projektmanagement

Vyberte si správnou edici PROMAN pro vaši firmu. Využijte naše flexibilní cloudové řešení pro bezpečnou, na místě nezávislou a efektivní správu protokolů.

PROMAN Software GmbH - Software für Projektmanagement
